{"id":3,"date":"2017-09-27T15:53:00","date_gmt":"2017-09-27T15:53:00","guid":{"rendered":"https:\/\/www.isokalite.org\/?page_id=3"},"modified":"2021-01-14T14:07:51","modified_gmt":"2021-01-14T11:07:51","slug":"wishlist","status":"publish","type":"page","link":"https:\/\/www.isokalite.org\/?page_id=3","title":{"rendered":"Gizlilik Politikas\u0131"},"content":{"rendered":"<p>[vc_row][vc_column][vc_column_text]<\/p>\n<p class=\"row\" style=\"text-align: center;\"><strong>Gizlilik Politikam\u0131z<\/strong><\/p>\n<div class=\"single-post-body\">\n<div class=\"row\">\n<div class=\"col-12 offset-md-2 col-md-8\">\n<div class=\"single-post-content\">\n<ol start=\"1\" type=\"1\">\n<li><strong>Giri\u015f<\/strong><\/li>\n<\/ol>\n<p>ISOKAL\u0130TE olarak gizlili\u011finize ve verilerinizin g\u00fcvenli\u011fine de\u011fer veriyoruz. Bu nedenle, sizi hangi verileri toplad\u0131\u011f\u0131m\u0131z, veri toplaman\u0131n ama\u00e7lar\u0131 ve verilerinize ili\u015fkin haklar\u0131n\u0131zla ilgili olarak ayd\u0131nlatmak amac\u0131yla bu Gizlilik Politikas\u0131\u2019n\u0131 haz\u0131rlad\u0131k.<br \/>\nBu Gizlilik Politikas\u0131 yaln\u0131zca https:\/\/isokalite.org\u00a0\u201cinternet sitemiz\u201d) i\u00e7in ge\u00e7erlidir. Bu Gizlilik Politikas\u0131\u2019n\u0131 kabul etmiyorsan\u0131z, internet sitemizi kullanmaya devam etmemelisiniz.<\/p>\n<ol start=\"2\" type=\"1\">\n<li><strong>Di\u011fer internet sitelerine ba\u011flant\u0131lar<\/strong><\/li>\n<\/ol>\n<p>\u0130nternet sitemizdeki i\u00e7erikler \u00fc\u00e7\u00fcnc\u00fc ki\u015filere ait internet sitelerine ba\u011flant\u0131lar i\u00e7erebilir ve bu internet siteleri i\u00e7in Gizlilik Politikam\u0131z ge\u00e7erli de\u011fildir. Bu internet sitelerine ili\u015fkin hi\u00e7bir sorumluluk kabul etmiyoruz. \u00dc\u00e7\u00fcnc\u00fc ki\u015filere ait internet siteleriyle verilerinizi payla\u015fmadan \u00f6nce onlar\u0131n gizlilik politikalar\u0131n\u0131 okumal\u0131s\u0131n\u0131z .<\/p>\n<ol start=\"3\" type=\"1\">\n<li><strong>Toplad\u0131\u011f\u0131m\u0131z veriler<\/strong><\/li>\n<\/ol>\n<p>\u0130nternet sitemize \u00fcye olurken bize do\u011frudan ad, soyad, kullan\u0131c\u0131 ad\u0131 ve eposta adresiniz gibi veriler sa\u011flars\u0131n\u0131z.<br \/>\nHaber b\u00fcltenimize abone olmay\u0131 tercih ederseniz, bize do\u011frudan ad, soyad ve eposta adresiniz gibi veriler sa\u011flars\u0131n\u0131z.<br \/>\n\u0130nternet sitemizdeki i\u00e7eriklere yorum yaparken ve ayr\u0131ca \u00fcyelik esnas\u0131nda IP adresinizi topluyoruz.<\/p>\n<p>4<strong>.Toplad\u0131\u011f\u0131m\u0131z verileri nas\u0131l kullan\u0131yoruz?<\/strong><\/p>\n<p>Bize do\u011frudan sa\u011flad\u0131\u011f\u0131n\u0131z verileri, size haber b\u00fcltenleri g\u00f6ndermek, kullan\u0131c\u0131 hesab\u0131n\u0131z\u0131 olu\u015fturmak ve devaml\u0131l\u0131\u011f\u0131n\u0131 sa\u011flamak, internet sitemizdeki \u00f6zelliklerden faydalanabilmeniz, etkinlik biletlerinin sat\u0131\u015f ve temini ile bunlara dair fatura d\u00fczenlenmesi ve sat\u0131\u015f sonras\u0131 hizmetleri sunmak i\u00e7in kullan\u0131yoruz. Bu kullan\u0131m\u0131n yasal dayanaklar\u0131, onay\u0131n\u0131z, bir s\u00f6zle\u015fmenin kurulmas\u0131 ve ifas\u0131, hukuki y\u00fck\u00fcml\u00fcl\u00fcklerimizi yerine getirmemiz i\u00e7in zorunlu olmas\u0131, me\u015fru menfaatlerimiz i\u00e7in veri i\u015flenmesinin zorunlu olmas\u0131 ve kanunlarda a\u00e7\u0131k\u00e7a \u00f6ng\u00f6r\u00fclmesidir.<br \/>\nIP adresiniz, 5651 say\u0131l\u0131 \u0130nternet Ortam\u0131nda Yap\u0131lan Yay\u0131nlar\u0131n D\u00fczenlenmesi ve Bu Yay\u0131nlar Yoluyla \u0130\u015flenen Su\u00e7larla M\u00fccadele Edilmesi Hakk\u0131nda Kanun\u2019dan kaynaklanan yasal y\u00fck\u00fcml\u00fcl\u00fc\u011f\u00fcm\u00fcz\u00fc yerine getirmek amac\u0131yla toplan\u0131r ve saklan\u0131r.<\/p>\n<ol start=\"5\" type=\"1\">\n<li><strong>Verilerinizi ne kadar s\u00fcreyle sakl\u0131yoruz?<\/strong><\/li>\n<\/ol>\n<p>\u00dcye olurken do\u011frudan payla\u015ft\u0131\u011f\u0131n\u0131z verileri internet sitemize \u00fcyeli\u011finiz devam etti\u011fi s\u00fcrece sistemlerimizde sakl\u0131yoruz.<br \/>\nHaber b\u00fcltenimize abone olurken do\u011frudan payla\u015ft\u0131\u011f\u0131n\u0131z veriler abonelikten ayr\u0131lana kadar sistemlerimizde saklan\u0131r.<br \/>\nIP adresiniz, sistemlerimizde 1 y\u0131ll\u0131\u011f\u0131na saklan\u0131r.<\/p>\n<ol start=\"6\" type=\"1\">\n<li><strong>Verilerinizin payla\u015f\u0131m\u0131<\/strong><\/li>\n<\/ol>\n<p>Yasal y\u00fck\u00fcml\u00fcl\u00fcklerimizi yerine getirmek i\u00e7in resmi merciler ve mahkemelerden gelen ba\u011flay\u0131c\u0131 taleplere cevap vermek amac\u0131 d\u0131\u015f\u0131nda verilerinizi 3. ki\u015filerle payla\u015fm\u0131yoruz.<\/p>\n<ol start=\"7\" type=\"1\">\n<li><strong>\u00c7erezler<\/strong><\/li>\n<\/ol>\n<p>\u00c7erezler, tercihlerinizi ve hareketlerinizi tan\u0131mak i\u00e7in internet siteleri taraf\u0131ndan taray\u0131c\u0131n\u0131za yerle\u015ftirilen basit metin dosyalar\u0131d\u0131r.<br \/>\nYaln\u0131zca dil tercihleriniz i\u00e7in kullan\u0131c\u0131 aray\u00fcz\u00fc iyile\u015ftirme \u00e7erezleri kullan\u0131yoruz.<br \/>\nTaray\u0131c\u0131n\u0131z\u0131n ayarlar\u0131ndan \u00e7erezleri y\u00f6netebilirsiniz.<\/p>\n<ol start=\"8\" type=\"1\">\n<li><strong>Ya\u015f s\u0131n\u0131r\u0131<\/strong><\/li>\n<\/ol>\n<p>\u0130nternet sitemizin 18 ya\u015f\u0131ndaki veya \u00fczerindeki ki\u015filere sunulmas\u0131 ama\u00e7lanm\u0131\u015ft\u0131r ve en az 18 ya\u015f\u0131nda de\u011filseniz sitemizi kullanmamal\u0131s\u0131n\u0131z. 18 ya\u015f\u0131ndan k\u00fc\u00e7\u00fcklere ait ki\u015fisel verileri i\u015fledi\u011fimizden haberdar olursak, bu ki\u015fisel verileri hemen silece\u011fiz.<\/p>\n<ol start=\"9\" type=\"1\">\n<li><strong>Ki\u015fisel verilerinize ili\u015fkin haklar\u0131n\u0131z<\/strong><\/li>\n<\/ol>\n<p>A\u015fa\u011f\u0131da a\u00e7\u0131klanan haklar\u0131n\u0131z\u0131\u00a0info@isokalite.org\u00a0adresine eposta g\u00f6ndererek kullanabilirsiniz.<\/p>\n<ul type=\"disc\">\n<li>Ki\u015fisel verilerinizin i\u015flenip i\u015flenmedi\u011fini \u00f6\u011frenme hakk\u0131<\/li>\n<li>Ki\u015fisel verileriniz i\u015flenmi\u015fse buna ili\u015fkin bilgi ve kopyalar\u0131n\u0131 talep etme hakk\u0131<\/li>\n<li>Ki\u015fisel verilerin i\u015flenme amac\u0131n\u0131 ve bunlar\u0131n amac\u0131na uygun kullan\u0131l\u0131p kullan\u0131lmad\u0131\u011f\u0131n\u0131 \u00f6\u011frenme hakk\u0131<\/li>\n<li>Yurt i\u00e7inde veya yurt d\u0131\u015f\u0131nda ki\u015fisel verilerin aktar\u0131ld\u0131\u011f\u0131 \u00fc\u00e7\u00fcnc\u00fc ki\u015fileri bilme hakk\u0131<\/li>\n<li>Ki\u015fisel verilerin eksik veya yanl\u0131\u015f i\u015flenmi\u015f olmas\u0131 h\u00e2linde bunlar\u0131n d\u00fczeltilmesini isteme hakk\u0131<\/li>\n<li>Ki\u015fisel verilerin silinmesini veya yok edilmesini isteme hakk\u0131<\/li>\n<li>Ki\u015fisel verilerin d\u00fczeltilmesi, silinmesi vey ok edilmesinin ki\u015fisel verilerin aktar\u0131ld\u0131\u011f\u0131 \u00fc\u00e7\u00fcnc\u00fc ki\u015filere bildirilmesini isteme hakk\u0131<\/li>\n<li>\u0130\u015flenen verilerin m\u00fcnhas\u0131ran otomatik sistemler vas\u0131tas\u0131yla analiz edilmesi suretiyle aleyhinize bir sonucun ortaya \u00e7\u0131kmas\u0131na itiraz etme hakk\u0131<\/li>\n<li>Ki\u015fisel verilerin kanuna ayk\u0131r\u0131 olarak i\u015flenmesi sebebiyle zarara u\u011framan\u0131z h\u00e2linde zarar\u0131n giderilmesini talep etme hakk\u0131<\/li>\n<li>Ki\u015fisel verilerinizin tamam\u0131n\u0131n veya bir k\u0131sm\u0131n\u0131n i\u015flenmesine son verilmesini talep etme hakk\u0131<\/li>\n<li>\u0130\u015flenen ki\u015fisel verilerinizin elektronik formatta bir kopyas\u0131n\u0131 isteme ve bunlar\u0131n bir ba\u015fka ki\u015fiye iletimini talep etme hakk\u0131<\/li>\n<li>Ki\u015fisel verilerinizi i\u015flememize istedi\u011finiz zaman itiraz etme hakk\u0131<\/li>\n<\/ul>\n<ol start=\"10\" type=\"1\">\n<li><strong>Gizlilik Politikam\u0131zda de\u011fi\u015fiklikler<\/strong><\/li>\n<\/ol>\n<p>Gizilik Politikam\u0131zda her zaman de\u011fi\u015fiklik yapabiliriz. Esasl\u0131 de\u011fi\u015fiklikler yapt\u0131\u011f\u0131m\u0131zda size bunlar\u0131 bildirece\u011fiz.<\/p>\n<ol start=\"11\" type=\"1\">\n<li><strong>Bizimle ileti\u015fime ge\u00e7in<\/strong><\/li>\n<\/ol>\n<p>Bizimle her zaman info@isokalite.org veya a\u015fa\u011f\u0131daki posta adresine yazarak bu Gizlilik Politikas\u0131\u2019yla ilgili sorular\u0131n\u0131z ve yorumlar\u0131n\u0131z hakk\u0131nda ileti\u015fime ge\u00e7ebilirsiniz.<br \/>\nPosta adresi : Ferhuniye Mh. Sultan\u015fah Cd. No:46\/22 Sel\u00e7uklu \/ Konya<\/p>\n<\/div>\n<\/div>\n<\/div>\n<\/div>\n<p>[\/vc_column_text][\/vc_column][\/vc_row]<\/p>\n","protected":false},"excerpt":{"rendered":"<p>[vc_row][vc_column][vc_column_text] Gizlilik Politikam\u0131z Giri\u015f ISOKAL\u0130TE olarak gizlili\u011finize ve verilerinizin g\u00fcvenli\u011fine de\u011fer veriyoruz. Bu nedenle, sizi hangi verileri toplad\u0131\u011f\u0131m\u0131z, veri toplaman\u0131n ama\u00e7lar\u0131 ve verilerinize ili\u015fkin haklar\u0131n\u0131zla ilgili olarak ayd\u0131nlatmak amac\u0131yla bu Gizlilik Politikas\u0131\u2019n\u0131 haz\u0131rlad\u0131k. Bu Gizlilik Politikas\u0131 yaln\u0131zca https:\/\/isokalite.org\u00a0\u201cinternet sitemiz\u201d) i\u00e7in ge\u00e7erlidir. Bu Gizlilik Politikas\u0131\u2019n\u0131 kabul etmiyorsan\u0131z, internet sitemizi kullanmaya devam etmemelisiniz. Di\u011fer internet sitelerine ba\u011flant\u0131lar [&hellip;]<\/p>\n","protected":false},"author":1,"featured_media":0,"parent":0,"menu_order":0,"comment_status":"closed","ping_status":"closed","template":"","meta":[],"_links":{"self":[{"href":"https:\/\/www.isokalite.org\/index.php?rest_route=\/wp\/v2\/pages\/3"}],"collection":[{"href":"https:\/\/www.isokalite.org\/index.php?rest_route=\/wp\/v2\/pages"}],"about":[{"href":"https:\/\/www.isokalite.org\/index.php?rest_route=\/wp\/v2\/types\/page"}],"author":[{"embeddable":true,"href":"https:\/\/www.isokalite.org\/index.php?rest_route=\/wp\/v2\/users\/1"}],"replies":[{"embeddable":true,"href":"https:\/\/www.isokalite.org\/index.php?rest_route=%2Fwp%2Fv2%2Fcomments&post=3"}],"version-history":[{"count":7,"href":"https:\/\/www.isokalite.org\/index.php?rest_route=\/wp\/v2\/pages\/3\/revisions"}],"predecessor-version":[{"id":2634,"href":"https:\/\/www.isokalite.org\/index.php?rest_route=\/wp\/v2\/pages\/3\/revisions\/2634"}],"wp:attachment":[{"href":"https:\/\/www.isokalite.org\/index.php?rest_route=%2Fwp%2Fv2%2Fmedia&parent=3"}],"curies":[{"name":"wp","href":"https:\/\/api.w.org\/{rel}","templated":true}]}}