{"id":1261,"date":"2018-02-23T02:42:37","date_gmt":"2018-02-23T02:42:37","guid":{"rendered":"https:\/\/sw-themes.com\/porto_dummy\/?post_type=product&#038;p=1261"},"modified":"2023-04-27T13:56:36","modified_gmt":"2023-04-27T10:56:36","slug":"belgelendirme","status":"publish","type":"product","link":"https:\/\/www.isokalite.org\/?product=belgelendirme","title":{"rendered":"TSE Dan\u0131\u015fmanl\u0131k Hizmeti"},"content":{"rendered":"<p>\u0130\u015fletmelerin ayakta kalabilmeleri ancak t\u00fcm sekt\u00f6rlerde m\u00fc\u015fteri ihtiya\u00e7 ve beklentilerine uygun mal \u00fcretiminin veya hizmetin sa\u011flanmas\u0131yla ger\u00e7ekle\u015febilecektir. Bu sebeple, kurulu\u015flarda, tasar\u0131m a\u015famas\u0131ndan ba\u015flayarak \u00fcretim, pazarlama ve sat\u0131\u015f sonras\u0131 hizmetlere kadar t\u00fcm a\u015famalar\u0131 kapsayan ve s\u00fcrekli iyile\u015fmeyi hedefleyen Kalite Y\u00f6netim Sistemi&#8217;nin uygulanmas\u0131 olmazsa olmaz bir \u015fart olmu\u015ftur.<\/p>\n","protected":false},"excerpt":{"rendered":"<p>\u0130\u015fletmelerin ayakta kalabilmeleri ancak t\u00fcm sekt\u00f6rlerde m\u00fc\u015fteri ihtiya\u00e7 ve beklentilerine uygun mal \u00fcretiminin veya hizmetin sa\u011flanmas\u0131yla ger\u00e7ekle\u015febilecektir. Bu sebeple, kurulu\u015flarda, tasar\u0131m a\u015famas\u0131ndan ba\u015flayarak \u00fcretim, pazarlama ve sat\u0131\u015f sonras\u0131 hizmetlere kadar t\u00fcm a\u015famalar\u0131 kapsayan ve s\u00fcrekli iyile\u015fmeyi hedefleyen Kalite Y\u00f6netim Sistemi&#8217;nin uygulanmas\u0131 olmazsa olmaz bir \u015fart olmu\u015ftur.<\/p>\n","protected":false},"featured_media":2597,"template":"","meta":[],"_links":{"self":[{"href":"https:\/\/www.isokalite.org\/index.php?rest_route=\/wp\/v2\/product\/1261"}],"collection":[{"href":"https:\/\/www.isokalite.org\/index.php?rest_route=\/wp\/v2\/product"}],"about":[{"href":"https:\/\/www.isokalite.org\/index.php?rest_route=\/wp\/v2\/types\/product"}],"wp:featuredmedia":[{"embeddable":true,"href":"https:\/\/www.isokalite.org\/index.php?rest_route=\/wp\/v2\/media\/2597"}],"wp:attachment":[{"href":"https:\/\/www.isokalite.org\/index.php?rest_route=%2Fwp%2Fv2%2Fmedia&parent=1261"}],"curies":[{"name":"wp","href":"https:\/\/api.w.org\/{rel}","templated":true}]}}