{"id":2614,"date":"2021-01-14T13:07:13","date_gmt":"2021-01-14T10:07:13","guid":{"rendered":"https:\/\/www.isokalite.org\/?post_type=product&#038;p=2614"},"modified":"2024-10-17T17:22:16","modified_gmt":"2024-10-17T14:22:16","slug":"egitim","status":"publish","type":"product","link":"https:\/\/www.isokalite.org\/?product=egitim","title":{"rendered":"ISO 9001 Ba\u015f Denet\u00e7i E\u011fitimi"},"content":{"rendered":"<p><strong>E\u011fitimin Ad\u0131:<\/strong><br \/>\nISO 9001:2015 Kalite Y\u00f6netim Sistemi Ba\u015f Denet\u00e7i E\u011fitimi<\/p>\n<p><strong>E\u011fitimin Amac\u0131:<\/strong><br \/>\nKalite Y\u00f6netim Sistemleri ikinci taraf ve \u00fc\u00e7\u00fcnc\u00fc taraf denet\u00e7ileri i\u00e7in bilgi ve beceri kazand\u0131rmak ve ba\u015f denet\u00e7iler yeti\u015ftirmek \u00fczere geli\u015ftirilmi\u015f bir e\u011fitimdir. Bu e\u011fitim yan sanayi ve belgelendirme denet\u00e7ileri i\u00e7in hem yeterlilik kazand\u0131rma hem de bilgi ve beceri kazand\u0131rma amac\u0131 ile d\u00fczenlenmektedir. E\u011fitim etkile\u015fimli bir ortamda kat\u0131l\u0131mc\u0131lar\u0131n etkin denetim yapabilmeleri i\u00e7in gerekli bilgi ve becerileri elde etmelerini sa\u011flamaktad\u0131r. Bu e\u011fitim sayesinde denet\u00e7ilik ve ba\u015f denet\u00e7ilik kariyerinize ilk ad\u0131m\u0131 atm\u0131\u015f olacaks\u0131n\u0131z. T\u00fcm belgelendirme kurulu\u015flar\u0131 bu e\u011fitimi denet\u00e7i ve ba\u015f denet\u00e7i atamalar\u0131nda bir \u00f6n \u015fart olarak ele almaktad\u0131rlar. Bunun \u00f6tesinde kat\u0131ld\u0131\u011f\u0131n\u0131z e\u011fitimden sonra kendinizi denetim yapabilecek yeterlilikte hissetmeniz, bunu sa\u011flayacak bilgi ve beceriyi elde etmeniz en \u00f6nemli etken olacakt\u0131r.<\/p>\n<p><strong>Hedef Kitle:<\/strong><br \/>\nOrta ve \u00fcst d\u00fczey \u00e7al\u0131\u015fanlar, kalite ile ilgilenen herkes bu e\u011fitime kat\u0131labilir.<\/p>\n<p><strong>Akreditasyon:<\/strong><br \/>\nExemplar Global (RABQSA)<\/p>\n<p><strong>E\u011fitimin S\u00fcresi:<\/strong><br \/>\n40 saat (5 g\u00fcn)<\/p>\n<p><strong>E\u011fitimin \u0130\u00e7eri\u011fi:<\/strong><\/p>\n<p>1. ve 2. G\u00fcn: AU Mod\u00fcl\u00fc \u2013 \u201cY\u00f6netim Sistemleri Denetimi\u201d<\/p>\n<p>Kalite, QMS &amp; QMS dok\u00fcmantasyonun tarihi<br \/>\nS\u00fcrekli iyile\u015ftirme<br \/>\nStandartlar &amp; ISO 9001<br \/>\nDenetim s\u00fcreci<br \/>\n\u0130leti\u015fim becerileri<br \/>\nDenet\u00e7inin rol\u00fc, sorumluluklar\u0131 ve becerileri<br \/>\nSoru geli\u015ftirme<br \/>\nISO 19011<br \/>\nDenetim planlar\u0131 ve g\u00f6zden ge\u00e7irme<br \/>\nDenetim raporlar\u0131 ve d\u00fczeltici faaliyetler<br \/>\nDenet\u00e7i teknikleri<br \/>\nS\u00fcre\u00e7 tabanl\u0131 denetim ve \u00f6rnekleme<\/p>\n<p>3. ve 4. G\u00fcn: QM Mod\u00fcl\u00fc \u2013 \u201cKalite Y\u00f6netim Sistemleri Denetimi\u201d<\/p>\n<p>ISO 9001:2001 standard\u0131ndaki yeni de\u011fi\u015fimler<br \/>\nSon geli\u015fmeler<br \/>\nKabul edilebilir hari\u00e7 tutmalar &amp; denetimlerin kapsam\u0131<br \/>\nKalite y\u00f6netim prensipleri<br \/>\nISO 9001\u2019in unsurlar\u0131 (ayr\u0131nt\u0131l\u0131 a\u00e7\u0131klamalar\u0131)<br \/>\nEntegre y\u00f6netim sistemleri.<\/p>\n<p>5. G\u00fcn: TM Mod\u00fcl\u00fc \u2013 \u201cSistemDenetim Tak\u0131mlar\u0131nn Y\u00f6netimi\u201d<\/p>\n<p>Sertifikasyon s\u00fcreci<br \/>\nDenet\u00e7i becerileri ve yetenekleri<br \/>\nDenet\u00e7inin denetleme kodu<br \/>\nDenetimin yasal\/etik y\u00f6n\u00fc<br \/>\nDenetim Kodlar\u0131<\/p>\n","protected":false},"excerpt":{"rendered":"<p>Kalite Y\u00f6netim Sistemleri ikinci taraf ve \u00fc\u00e7\u00fcnc\u00fc taraf denet\u00e7ileri i\u00e7in bilgi ve beceri kazand\u0131rmak ve ba\u015f denet\u00e7iler yeti\u015ftirmek \u00fczere geli\u015ftirilmi\u015f bir e\u011fitimdir. Bu e\u011fitim yan sanayi ve belgelendirme denet\u00e7ileri i\u00e7in hem yeterlilik kazand\u0131rma hem de bilgi ve beceri kazand\u0131rma amac\u0131 ile d\u00fczenlenmektedir. E\u011fitim etkile\u015fimli bir ortamda kat\u0131l\u0131mc\u0131lar\u0131n etkin denetim yapabilmeleri i\u00e7in gerekli bilgi ve becerileri elde etmelerini sa\u011flamaktad\u0131r. Bu e\u011fitim sayesinde denet\u00e7ilik ve ba\u015f denet\u00e7ilik kariyerinize ilk ad\u0131m\u0131 atm\u0131\u015f olacaks\u0131n\u0131z. T\u00fcm belgelendirme kurulu\u015flar\u0131 bu e\u011fitimi denet\u00e7i ve ba\u015f denet\u00e7i atamalar\u0131nda bir \u00f6n \u015fart olarak ele almaktad\u0131rlar. Bunun \u00f6tesinde kat\u0131ld\u0131\u011f\u0131n\u0131z e\u011fitimden sonra kendinizi denetim yapabilecek yeterlilikte hissetmeniz, bunu sa\u011flayacak bilgi ve beceriyi elde etmeniz en \u00f6nemli etken olacakt\u0131r.<\/p>\n","protected":false},"featured_media":2615,"template":"","meta":[],"_links":{"self":[{"href":"https:\/\/www.isokalite.org\/index.php?rest_route=\/wp\/v2\/product\/2614"}],"collection":[{"href":"https:\/\/www.isokalite.org\/index.php?rest_route=\/wp\/v2\/product"}],"about":[{"href":"https:\/\/www.isokalite.org\/index.php?rest_route=\/wp\/v2\/types\/product"}],"wp:featuredmedia":[{"embeddable":true,"href":"https:\/\/www.isokalite.org\/index.php?rest_route=\/wp\/v2\/media\/2615"}],"wp:attachment":[{"href":"https:\/\/www.isokalite.org\/index.php?rest_route=%2Fwp%2Fv2%2Fmedia&parent=2614"}],"curies":[{"name":"wp","href":"https:\/\/api.w.org\/{rel}","templated":true}]}}