{"id":2675,"date":"2021-02-11T18:48:54","date_gmt":"2021-02-11T15:48:54","guid":{"rendered":"https:\/\/www.isokalite.org\/?post_type=product&#038;p=2675"},"modified":"2024-06-07T01:42:54","modified_gmt":"2024-06-06T22:42:54","slug":"iso-9001-iso-10002-belgelendirme-hizmeti","status":"publish","type":"product","link":"https:\/\/www.isokalite.org\/?product=iso-9001-iso-10002-belgelendirme-hizmeti","title":{"rendered":"ISO 9001 &#038; ISO 10002 Belgelendirme Hizmeti"},"content":{"rendered":"<p><strong>ISO 9001 ve ISO 10002 NED\u0130R?<\/strong><\/p>\n<p>Organizasyonlar\u0131n m\u00fc\u015fteri memnuniyetinin art\u0131r\u0131lmas\u0131na y\u00f6nelik olarak kalite y\u00f6netim sisteminin kurulmas\u0131 ve geli\u015ftirilmesi konusunda rehberlik eden ve ISO taraf\u0131ndan yay\u0131nlanm\u0131\u015f olan bir standartlar b\u00fct\u00fcn\u00fcd\u00fcr. Kalite Y\u00f6netim Sistemlerinin kurulmas\u0131 esnas\u0131nda uygulanmas\u0131 gereken \u015fartlar\u0131n tan\u0131mland\u0131\u011f\u0131 ve belgelendirme denetimine tabi olan standartt\u0131r. Verilen belgenin ad\u0131d\u0131r.<\/p>\n","protected":false},"excerpt":{"rendered":"<p><strong>ISO 9001 ve ISO 10002 NED\u0130R?<\/strong><\/p>\n<p>Organizasyonlar\u0131n m\u00fc\u015fteri memnuniyetinin art\u0131r\u0131lmas\u0131na y\u00f6nelik olarak kalite y\u00f6netim sisteminin kurulmas\u0131 ve geli\u015ftirilmesi konusunda rehberlik eden ve ISO taraf\u0131ndan yay\u0131nlanm\u0131\u015f olan bir standartlar b\u00fct\u00fcn\u00fcd\u00fcr. Kalite Y\u00f6netim Sistemlerinin kurulmas\u0131 esnas\u0131nda uygulanmas\u0131 gereken \u015fartlar\u0131n tan\u0131mland\u0131\u011f\u0131 ve belgelendirme denetimine tabi olan standartt\u0131r. Verilen belgenin ad\u0131d\u0131r.<\/p>\n","protected":false},"featured_media":2676,"template":"","meta":[],"_links":{"self":[{"href":"https:\/\/www.isokalite.org\/index.php?rest_route=\/wp\/v2\/product\/2675"}],"collection":[{"href":"https:\/\/www.isokalite.org\/index.php?rest_route=\/wp\/v2\/product"}],"about":[{"href":"https:\/\/www.isokalite.org\/index.php?rest_route=\/wp\/v2\/types\/product"}],"wp:featuredmedia":[{"embeddable":true,"href":"https:\/\/www.isokalite.org\/index.php?rest_route=\/wp\/v2\/media\/2676"}],"wp:attachment":[{"href":"https:\/\/www.isokalite.org\/index.php?rest_route=%2Fwp%2Fv2%2Fmedia&parent=2675"}],"curies":[{"name":"wp","href":"https:\/\/api.w.org\/{rel}","templated":true}]}}