{"id":2932,"date":"2025-08-21T15:05:21","date_gmt":"2025-08-21T12:05:21","guid":{"rendered":"https:\/\/www.isokalite.org\/?post_type=product&#038;p=2932"},"modified":"2025-08-21T15:05:38","modified_gmt":"2025-08-21T12:05:38","slug":"egitim-hizmeti-2","status":"publish","type":"product","link":"https:\/\/www.isokalite.org\/?product=egitim-hizmeti-2","title":{"rendered":"E\u011fitim Hizmeti"},"content":{"rendered":"<p>&nbsp;<\/p>\n<p>&nbsp;<\/p>\n","protected":false},"excerpt":{"rendered":"<p>Kalite Y\u00f6netim Sistemleri ikinci taraf ve \u00fc\u00e7\u00fcnc\u00fc taraf denet\u00e7ileri i\u00e7in bilgi ve beceri kazand\u0131rmak ve ba\u015f denet\u00e7iler yeti\u015ftirmek \u00fczere geli\u015ftirilmi\u015f bir e\u011fitimdir. Bu e\u011fitim yan sanayi ve belgelendirme denet\u00e7ileri i\u00e7in hem yeterlilik kazand\u0131rma hem de bilgi ve beceri kazand\u0131rma amac\u0131 ile d\u00fczenlenmektedir. E\u011fitim etkile\u015fimli bir ortamda kat\u0131l\u0131mc\u0131lar\u0131n etkin denetim yapabilmeleri i\u00e7in gerekli bilgi ve becerileri elde etmelerini sa\u011flamaktad\u0131r. Bu e\u011fitim sayesinde denet\u00e7ilik ve ba\u015f denet\u00e7ilik kariyerinize ilk ad\u0131m\u0131 atm\u0131\u015f olacaks\u0131n\u0131z. T\u00fcm belgelendirme kurulu\u015flar\u0131 bu e\u011fitimi denet\u00e7i ve ba\u015f denet\u00e7i atamalar\u0131nda bir \u00f6n \u015fart olarak ele almaktad\u0131rlar. Bunun \u00f6tesinde kat\u0131ld\u0131\u011f\u0131n\u0131z e\u011fitimden sonra kendinizi denetim yapabilecek yeterlilikte hissetmeniz, bunu sa\u011flayacak bilgi ve beceriyi elde etmeniz en \u00f6nemli etken olacakt\u0131r.<\/p>\n","protected":false},"featured_media":2615,"template":"","meta":[],"_links":{"self":[{"href":"https:\/\/www.isokalite.org\/index.php?rest_route=\/wp\/v2\/product\/2932"}],"collection":[{"href":"https:\/\/www.isokalite.org\/index.php?rest_route=\/wp\/v2\/product"}],"about":[{"href":"https:\/\/www.isokalite.org\/index.php?rest_route=\/wp\/v2\/types\/product"}],"wp:featuredmedia":[{"embeddable":true,"href":"https:\/\/www.isokalite.org\/index.php?rest_route=\/wp\/v2\/media\/2615"}],"wp:attachment":[{"href":"https:\/\/www.isokalite.org\/index.php?rest_route=%2Fwp%2Fv2%2Fmedia&parent=2932"}],"curies":[{"name":"wp","href":"https:\/\/api.w.org\/{rel}","templated":true}]}}